Suppose l*c = 69*c - 44. What are the prime factors of (c + 18)*186/(-8)?
3, 31
What are the prime factors of (1555/1)/(((-80)/(-336))/5)?
3, 5, 7, 311
Suppose 3*f - 22 = -1. Suppose 18*l = -f*l + 18450. List the prime factors of l.
2, 3, 41
What are the prime factors of (-14593)/(-6 - 11/(-33)*15)?
14593
Let f = 4982 - 2178. What are the prime factors of f?
2, 701
Let l be ((-2)/(-8) - 0)*(-72)/9. Let i(u) = -11*u**3 - 2*u**2 + 4*u + 13. What are the prime factors of i(l)?
5, 17
Let s(z) = 266*z + 1519. What are the prime factors of s(94)?
3, 7, 421
Let p(k) = -5318*k + 8905. What are the prime factors of p(-7)?
3, 15377
Let y = -887 + 886. List the prime factors of (-9 + y + 1449)*1.
1439
Let m(d) = d + 32. Let g be m(-19). Let q(w) = 26*w + 17. What are the prime factors of q(g)?
5, 71
Suppose 0 = 3*b + 5*y - 42247, 0 = 2*b + 2*b - 5*y - 56306. What are the prime factors of b?
3, 13, 19
Let q(g) = -383*g - 11. Let w be q(-1). Let r = w + 7. List the prime factors of r.
379
Suppose 0 = 4*l + 3*u - 31096, -2*l + 13190 + 2340 = -3*u. What are the prime factors of l?
19, 409
Let v be 4 - (-46)/(-11) - 4692/(-33). Let q = 145 - v. Suppose -q*s = -4*i - 53, -4*i = 4 + 16. List the prime factors of s.
11
Suppose -3*d - 1756 = d. Let o be 3/(-21)*d + (-4)/(-14). Let y = o - 37. What are the prime factors of y?
2, 13
What are the prime factors of ((-801)/(-15))/((-57)/(-10260))?
2, 3, 89
Let n(s) = -5*s**3 - 3*s**2 - 16*s - 37. Let j be 6 + -9*(-2)/(-2). What are the prime factors of n(j)?
7, 17
Let c(b) = b**2 - 18*b + 666. Suppose 93*h - 103*h = 0. List the prime factors of c(h).
2, 3, 37
Let n be (78/(-12) + 6)/(1/182). Let u be 38/9 + (-12)/54. List the prime factors of u - 9 - -3 - n.
89
Let p = 70571 - 44140. List the prime factors of p.
26431
Let a = -140 + 214. List the prime factors of (-518)/a + (1 - -730).
2, 181
Let w be (-144)/40*10*9. Let k = 102 - w. List the prime factors of k.
2, 3, 71
Let w = -208 + 1412. Let q = -822 + w. What are the prime factors of q?
2, 191
Suppose -21968 = 7*v + 6*v - 791945. List the prime factors of v.
3, 6581
Suppose 5*q - 5*k = 20, 10*q = 7*q - 3*k + 42. Suppose 0 = -q*t + 1921 - 634. List the prime factors of t.
11, 13
Suppose 2*a - 6503 = a. List the prime factors of a.
7, 929
Let m = 350 - -525. Let i = m + -498. What are the prime factors of i?
13, 29
Let x(v) = 10*v + 69. Suppose 4*t + 5*j + 1 = 31, -2*t - 5*j = -10. List the prime factors of x(t).
13
What are the prime factors of ((-11)/44*-9468)/(3/2)?
2, 3, 263
List the prime factors of 60/(-48)*-8 - -4598.
2, 3
Let w(s) = -160*s - 58. Let g = -89 + 86. What are the prime factors of w(g)?
2, 211
Let f be ((-195)/18)/(-5) - 6/36. Let j(o) = o**3 + o**2 + 1. Let s(n) = -20*n**3 + 4*n**2 + 6*n - 2. Let c(y) = 4*j(y) - s(y). List the prime factors of c(f).
2, 3, 31
Suppose -2*o + 233 = 2*j - 147, o = 3*j - 554. Suppose j + 29 = 5*g. List the prime factors of g.
43
Suppose 309 = -4*n + 101. Let k = n - -49. List the prime factors of (-137)/(-1) + (-7 - k).
7, 19
Let i(x) = -13*x**2 - 17*x - 25. Let g be i(-2). Let l(d) = 17*d**2 - 3*d - 4. Let f be l(3). Let z = f + g. List the prime factors of z.
97
Let t = 67 + -64. Suppose -129 = -t*z + 237. Suppose 5*v + w = 273, 88 = 4*v - 2*w - z. What are the prime factors of v?
2, 3
Let q(x) = 1233*x + 319. What are the prime factors of q(7)?
2, 5, 179
Suppose -26*m + 273815 = -4*m - 395799. What are the prime factors of m?
11, 2767
Suppose -2*d + 2962 = 4*l, 5*l = -d + 4707 - 1000. Let h = l - 256. Suppose -152 = -11*a + h. What are the prime factors of a?
2, 29
Let v(f) = f**2 - 5*f - 17. Suppose -b + 4 - 3 = m, -4*b = m - 4. Suppose m = 2*q - q - 9. List the prime factors of v(q).
19
Let a(z) = 831*z**3 + 2*z**2 - z + 7. List the prime factors of a(3).
37, 607
Suppose -5*w - 23 = -8. Let y be (6/(-15))/((5 + w)/(-20)). Suppose 0*b - 331 = -2*b - a, 2*a + 658 = y*b. List the prime factors of b.
3, 5, 11
Suppose -5*b + 18 = a - 5, -2*b + 17 = 3*a. Suppose 323 = -b*c - 1481. Let t = c + 668. List the prime factors of t.
7, 31
Suppose u + 0*u = 5*n + 47, 4*n = -3*u - 30. Suppose -5*q + 4*w + 7 = 0, 4*q + 13 = -3*w - 0*w. List the prime factors of (81 - n) + 1 + q.
2, 3, 5
Let c = 16334 - -30575. List the prime factors of c.
61, 769
Let p(c) = c**2 + 12*c + 33. Let a be p(-8). List the prime factors of a*-5*(-54)/10.
3
Let c(a) = 1 - 10 + 12. Let l(t) = 2*t. Let r(z) = c(z) + 6*l(z). What are the prime factors of r(2)?
3
Let m be -508*(3/(-6) + 1). Let q = m + 346. List the prime factors of q.
2, 23
Let n(i) = -2*i - 26. Let r be n(-14). Let f be r + (1 - 1) + (3 - -2). Suppose -665 + 175 = -f*m. What are the prime factors of m?
2, 5, 7
Let r = 7961 - 6437. What are the prime factors of r?
2, 3, 127
Suppose -14*g + 11*g + 2*t = -1798, 3*t = -4*g + 2420. What are the prime factors of g?
2, 7, 43
Let l = 458 + -782. Let v = l + 2048. List the prime factors of v.
2, 431
Let v = 573 - 615. Let z(l) = -39*l - 133. What are the prime factors of z(v)?
5, 7, 43
Suppose -3*s + 2776 = 4*m, 1193 = 4*s + 5*m - 2510. Suppose q = 5, 2*c = 5*c + 4*q - s. What are the prime factors of c?
2, 19
Let l(f) = -13*f + 56. Let j be l(4). Suppose -j*c + 16*c - 6612 = 0. List the prime factors of c.
19, 29
Let s(r) = -2*r + 74. Suppose 3*a + 3*j + 74 = 2, 0 = a + 3*j + 26. Let h be s(a). Let o = -95 + h. What are the prime factors of o?
5
Suppose 4*b + 2*x = -3*x - 73055, -12 = 4*x. List the prime factors of b/(-18) + (196/63)/(-7).
2, 3, 13
Let i(z) = 9*z - 4. Let f be i(3). Suppose 228 = 746*m - 743*m. Suppose 0 = u - m - f. List the prime factors of u.
3, 11
Let j(v) = -v**3 - 2*v**2 - v + 3. Suppose -17*x + 20*x = -6. Let r be j(x). Suppose 4*b - 5*b - 4*w = -197, 2*b - r*w - 355 = 0. List the prime factors of b.
5, 37
Let g = -1089 + 2049. List the prime factors of g.
2, 3, 5
Let b = -5083 + 7959. What are the prime factors of b?
2, 719
Let b(x) = x**3 - 24*x**2 + 64*x + 37. Let m be b(21). Suppose -8 = 2*w - m. What are the prime factors of w?
5
Suppose 7*i + 581 = -3220. Let j = 874 + i. List the prime factors of j.
331
Let c(j) be the second derivative of -j**4/12 + 4*j**3/3 + 3*j**2 + 21*j. Let y(i) = i**2 - 5*i + 5. Let w be y(5). What are the prime factors of c(w)?
3, 7
What are the prime factors of (5/45)/((-1)/(-17811))?
1979
Suppose 4*q = 1820 + 11708. Suppose 4*p - q = 4*t - 2*t, 4*t = p - 856. List the prime factors of p.
2, 211
Let o(p) = 20*p**2 - 13*p - 108. What are the prime factors of o(-20)?
2, 1019
Suppose 0 = 2*t - 42*t + 94320. What are the prime factors of t?
2, 3, 131
Suppose 3*c - 32 = 5*z - 6*z, 0 = -3*c + 5*z + 20. List the prime factors of c + 60 - -2*2.
2, 37
Let n(h) = -14*h + 44. Let y be n(2). Suppose -107 = -5*g - f, -2*g + y*f + 32 = 11*f. What are the prime factors of g?
3, 7
List the prime factors of (-9864699)/(-325) + -4 + (-13)/(1625/(-510)).
127, 239
Let s(w) = -w**2 + 34*w - 66. Let d be s(32). List the prime factors of 1/((d - -6)/836).
11, 19
Suppose -52*w + 40*w + 7716 = 0. Let b = w - 428. List the prime factors of b.
5, 43
Let g(k) = -k - 15. Let d be g(-19). Suppose -4*f + 0*f - d = 0, -w = 5*f - 314. List the prime factors of w.
11, 29
Let v(r) = -2*r + 44. Let m be v(-20). Suppose m*g - 43*g - 35875 = 0. List the prime factors of g.
5, 7
Let r(n) be the second derivative of 28*n**3 + 7*n**2/2 - 39*n. Let w be r(5). Suppose -5*s + 686 = 3*d, 2*s = 3*d + 168 - w. List the prime factors of d.
227
What are the prime factors of 285900/7 - (-14)/196*2 - -7?
2, 5, 19, 43
Let p = -430 - -375. Suppose -4*z + 511 = 75. Let g = z + p. List the prime factors of g.
2, 3
Suppose 19*a - 20 = 9*a. What are the prime factors of (147/(-84))/(a/(-352))?
2, 7, 11
Let s(h) = -20*h - 134. Let q be s(-7). Suppose -4*c + 2216 = 4*a, q*a - a = -10. What are the prime factors of c?
2, 139
Suppose 936450 = -224*s + 249*s. What are the prime factors of s?
2, 3, 2081
Let d(h) = 76 - 2*h - 59 + 31 + 3*h. List the prime factors of d(12).
2, 3, 5
Let a(h) = 10*h**3 - 42*h - 40. List the prime factors of a(9).
2, 859
Suppose 2*o - 4*q = -762, -5*o = 4*q - 40 + 1917. Let t = o - -631. List the prime factors of t.
2, 127
Suppose -180*a + 215*a - 179*a + 11064672 = 0. List the prime factors of a.
2, 103, 373
Suppose